ase 3) to base 2
110011101000011110101
What is 12363111 (base 8) in base 14?
5169bb
1a168 (base 16) to base 10
106856
3121133003 (base 4) to base 10
890819
21877324 (base 9) to base 4
220201002022
3a196 (base 12) to base 4
103132002
Convert 8213847 (base 10) to base 4.
133111111113
-23aad (base 14) to base 4
-111102021
Convert 4119 (base 15) to base 10.
13749
What is -45a4c (base 14) in base 11?
-106311
What is -920ac (base 14) in base 2?
-1010101110010011000
Convert -10111000011011000011 (base 2) to base 15.
-edc4a
-126463156 (base 7) to base 15
-abebc4
What is 2410514 (base 7) in base 14?
7d30b
-323303 (base 5) to base 11
-8361
72912a (base 12) to base 5
430032101
What is 108843 (base 9) in base 10?
65568
Convert 10101001001000111 (base 2) to base 10.
86599
4320460 (base 7) to base 3
222201121121
What is 49b800 (base 15) in base 6?
203412030
Convert -100021001210122 (base 3) to base 6.
-253255155
Convert 2815634 (base 10) to base 3.
12022001022202
Convert -298966 (base 11) to base 9.
-778712
2aa45a (base 14) to base 6
51521224
Convert 8a230 (base 12) to base 7.
1362651
-34d185 (base 15) to base 4
-21220122302
372c12 (base 14) to base 2
111001101011111000000
What is -1e62c (base 16) in base 14?
-33500
-64943 (base 13) to base 3
-100020021202
Convert 824370 (base 9) to base 2.
1110111010100100000
2584184 (base 10) to base 9
4767745
What is -1000011010101001111 (base 2) in base 5?
-32311131
What is -3a6540 (base 13) in base 11?
-886042
Convert -21335 (base 13) to base 7.
-336356
1223100133 (base 4) to base 5
103024302
211210022011100 (base 3) to base 13
268068c
What is -64364 (base 7) in base 3?
-210220112
What is -6a82a (base 11) in base 9?
-165116
Convert -11262 (base 7) to base 11.
-2194
Convert 30040444 (base 6) to base 16.
ce56c
What is b7583 (base 13) in base 15?
67dd7
11100001101101111111 (base 2) to base 7
10600314
Convert 251133 (base 8) to base 5.
10232434
What is 553829 (base 16) in base 7?
65320421
1058b6 (base 13) to base 6
12120431
What is 1000111111101000001100 (base 2) in base 8?
10775014
What is -11a281c (base 13) in base 4?
-110330031023
Convert 2819636 (base 11) to base 15.
65ea2a
Convert 3150958 (base 11) to base 15.
749711
-745bb7 (base 12) to base 2
-111000000000001111011
1441363 (base 7) to base 3
100220111211
Convert 10130123 (base 4) to base 15.
55d8
-1bae3 (base 15) to base 14
-24c3b
Convert -4f182 (base 16) to base 15.
-65ed0
-445e38 (base 15) to base 11
-1927388
Convert -11220203231 (base 4) to base 6.
-51353125
-152203 (base 7) to base 12
-15167
What is -20020201203 (base 4) in base 11?
-1226943
22ad9 (base 16) to base 13
4c863
-14bde1 (base 15) to base 9
-1786604
Convert 47d6e (base 15) to base 4.
313330202
Convert 14512 (base 10) to base 12.
8494
Convert -4440453 (base 7) to base 9.
-1024223
What is 104540250 (base 7) in base 6?
343353413
What is c8284c (base 13) in base 15?
629894
Convert -23ba4 (base 13) to base 6.
-1224110
Convert -11122220110110 (base 3) to base 9.
-4586413
What is -218abc (base 16) in base 14?
-413148
1022220133 (base 4) to base 7
2412145
Convert -70202 (base 8) to base 7.
-146654
-1774814 (base 9) to base 13
-28a749
15227865 (base 9) to base 13
1753b6b
5241bb (base 15) to base 2
1110111011000101011010
What is -138114 (base 11) in base 2?
-110100101011001110
What is -2a7b1 (base 15) in base 6?
-2533021
What is 153236 (base 10) in base 3?
21210012102
Convert -752ae (base 16) to base 14.
-c6c7c
1321004 (base 6) to base 12
36164
Convert 123396 (base 13) to base 15.
89126
Convert 56051 (base 12) to base 5.
12122414
1230142 (base 6) to base 14
1a178
Convert 2187863 (base 11) to base 3.
21012200001011
-215aa6 (base 13) to base 4
-2333121112
What is -68b58c (base 14) in base 15?
-4a66e0
Convert 1302123 (base 10) to base 14.
25c76b
What is -2342b1 (base 12) in base 5?
-121122310
164585 (base 10) to base 8
501351
What is -2b3c22 (base 15) in base 8?
-7757042
Convert -221200021022010 (base 3) to base 16.
-d03749
-1110001110111111001111 (base 2) to base 7
-43500511
49660 (base 10) to base 13
197b0
What is 313554434 (base 6) in base 2?
10101000000000001110110
Convert -1020121212 (base 3) to base 7.
-131315
Convert -165183 (base 9) to base 15.
-20446
24652105 (base 7) to base 9
4170647
Convert 143232424 (base 5) to base 3.
1102112110012
What is aa5937 (base 12) in base 16?
2948fb
What is -100011110110100001101110 (base 2) in base 10?
-9398382
What is 101202202211 (base 3) in base 4?
303300010
-301023013 (base 4) to base 3
-101020021211
Convert 11100001010010000000 (base 2) to base 3.
1201212210000
Convert -132231213012 (base 4) to base 12.
-2843286
Convert -120111100 (base 5) to base 7.
-4452521
Convert 122012102201022 (base 3) to base 5.
4320011302
What is -5121304 (base 6) in base 14?
-64cac
What is -247833a (base 13) in base 16?
-ad4ab1
What is 10101111100110011110 (base 2) in base 6?
23225530
What is 1ac77b (base 14) in base 13?
276419
-1068334 (base 9) to base 8
-2146621
What is 132012211 (base 4) in base 6?
2350501
260988 (base 10) to base 3
111021000020
Convert -590213 (base 10) to base 5.
-122341323
-2a842a (base 12) to base 11
-4515a3
Convert -10220112022012 (base 3) to base 13.
-5795a2
-30343 (base 11) to base 15
-d208
-87a9 (base 15) to base 7
-146526
What is -20201102001012 (base 3) in base 14?
-68d3a2
Convert -253664 (base 11) to base 15.
-7d831
2003423 (base 5) to base 12
1644a
What is 150323515 (base 6) in base 10?
3106055
Convert 115014 (base 12) to base 7.
2236102
What is -14955a (base 12) in base 10?
-348118
-320532 (base 12) to base 4
-3000203312
What is 11110221201002 (base 3) in base 11?
1386723
-1231101312 (base 4) to base 16
-6d476
3833b0 (base 15) to base 16
291bca
Convert a21829 (base 12) to base 2.
1001101010010101100001
What is -20c55 (base 13) in base 7?
-334440
12322321022 (base 4) to base 11
1029a53
What is -161bec (base 15) in base 4?
-10011002031
Convert 3c2834 (base 13) to base 11.
9097a5
Convert 50724 (base 11) to base 12.
36a52
What is -11421232 (base 6) in base 10?
-360596
Convert 1434a8 (base 14) to base 10.
700652
-111000000010010 (base 2) to base 14
-a654
102222131 (base 5) to base 12
188796
What is 334415 (base 7) in base 12?
2a318
Convert -3315020 (base 7) to base 3.
-202200222112
Convert 159a986 (base 13) to base 14.
cd3c32
-24772 (base 9) to base 14
-610a
What is -10101012002120 (base 3) in base 11?
-1016568
Convert -613453 (base 7) to base 5.
-11321011
Convert -156203 (base 9) to base 7.
-551013
What is 11115124 (base 7) in base 13?
278c50
What is -33936a (base 11) in base 14?
-100874
521277 (base 8) to base 13
60814
Convert 301322 (base 4) to base 9.
4338
-30a83 (base 11) to base 6
-545212
What is -21220210001 (base 4) in base 3?
-11202022020212
Convert -1783240 (base 10) to base 2.
-110110011010111001000
210330143 (base 5) to base 3
1122020100011
-120344410 (base 5) to base 12
-22b84b
Convert 110111110000010001010001 (base 2) to base 6.
1241132545
Convert -22011332 (base 4) to base 12.
-1bb12
What is 28f60 (base 16) in base 5?
20332101
Convert 4072425 (base 9) to base 14.
40813a
-11a89aa (base 12) to base 6
-202034334
Convert 12201020022211 (base 3) to base 5.
1234121134
Convert -101202434 (base 6) to base 16.
-1a9656
Convert -b6f46 (base 16) to base 3.
-1102001221220
What is 1661655 (base 7) in base 10?
233574
What is 6022512 (base 7) in base 10?
711636
What is 102210201112 (base 3) in base 2?
111000101110011101
101111000001101001000 (base 2) to base 8
5701510
Convert 1413331 (base 9) to base 15.
1051c1
-230133 (base 5) to base 16
-1fe8
Convert -973c4 (base 15) to base 6.
-14142421
-2442532 (base 8) to base 9
-1235304
What is 436774 (base 10) in base 2?
1101010101000100110
Convert 101001101011011111011 (base 2) to base 11.
853126
What is 437750 (base 10) in base 6?
13214342
What is -1305442 (base 8) in base 15?
-7299d
Convert 8c57a (base 13) to base 5.
31141143
22320002 (base 4) to base 10
44546
Convert -12021222001 (base 3) to base 14.
-29da5
What is -1110100100010110101 (base 2) in base 10?
-477365
e24c (base 15) to base 14
135a4
What is -1106066 (base 7) in base 14?
-37aa6
What is 43bd1 (base 16) in base 15?
57322
What is 12012242432 (base 5) in base 13?
2b1aba6
What is -9abb54 (base 12) in base 8?
-11323260
What is 5b661 (base 16) in base 6?
12005105